{"id":111,"date":"2017-10-08T17:09:03","date_gmt":"2017-10-08T17:09:03","guid":{"rendered":"http:\/\/www.hollufhave.dk\/?page_id=111"},"modified":"2026-02-18T18:02:28","modified_gmt":"2026-02-18T17:02:28","slug":"velkommen","status":"publish","type":"page","link":"https:\/\/www.hollufhave.dk\/","title":{"rendered":"Velkommen"},"content":{"rendered":"<p>[et_pb_section fb_built=&#8221;1&#8243; admin_label=&#8221;section&#8221; _builder_version=&#8221;4.16&#8243; custom_padding=&#8221;54px|0px|26px|0px&#8221; global_colors_info=&#8221;{}&#8221;][et_pb_row admin_label=&#8221;row&#8221; _builder_version=&#8221;4.16&#8243; background_size=&#8221;initial&#8221; background_position=&#8221;top_left&#8221; background_repeat=&#8221;repeat&#8221; custom_padding=&#8221;27px|0px|0px|0px&#8221; global_colors_info=&#8221;{}&#8221;][et_pb_column type=&#8221;4_4&#8243; _builder_version=&#8221;4.16&#8243; custom_padding=&#8221;|||&#8221; global_colors_info=&#8221;{}&#8221; custom_padding__hover=&#8221;|||&#8221;][et_pb_post_title meta=&#8221;off&#8221; featured_image=&#8221;off&#8221; _builder_version=&#8221;4.27.4&#8243; text_orientation=&#8221;center&#8221; hover_enabled=&#8221;0&#8243; global_colors_info=&#8221;{}&#8221; sticky_enabled=&#8221;0&#8243;][\/et_pb_post_title][\/et_pb_column][\/et_pb_row][\/et_pb_section][et_pb_section fb_built=&#8221;1&#8243; _builder_version=&#8221;4.16&#8243; custom_padding=&#8221;0px|0px|3px|0px&#8221; global_colors_info=&#8221;{}&#8221;][et_pb_row _builder_version=&#8221;4.16&#8243; custom_padding=&#8221;0px|0px|27px|0px&#8221; global_colors_info=&#8221;{}&#8221;][et_pb_column type=&#8221;4_4&#8243; _builder_version=&#8221;4.16&#8243; custom_padding=&#8221;|||&#8221; global_colors_info=&#8221;{}&#8221; custom_padding__hover=&#8221;|||&#8221;][et_pb_blurb _builder_version=&#8221;4.27.4&#8243; hover_enabled=&#8221;0&#8243; global_colors_info=&#8221;{}&#8221; sticky_enabled=&#8221;0&#8243;]<\/p>\n<p style=\"text-align: justify;\">Holluf Have best\u00e5r af 10 forskellige g\u00e5rde, som har forskellige st\u00f8rrelser p\u00e5 boligerne. Det kan variere mellem 2- til 5 rums r\u00e6kkehuse, nogle i 2-plan, og 11 ungdomsboliger. G\u00e5rdene giver et roligt milj\u00f8, som beboerne selv kan s\u00e6tte deres pr\u00e6g p\u00e5 alt efter interesse. Derudover har vi et f\u00e6lleshus med g\u00e6stebolig og vaskeri. F\u00e6lleshuset kan lejes til private fester. Desuden den store legeplads og f\u00e6lles genbrugsstation ved Holluf Have Park, det store gr\u00f8nne f\u00e6llesareal.<\/p>\n<p style=\"text-align: justify;\">Har du sp\u00f8rgsm\u00e5l, er du altid velkommen til at henvende jer til afdelingsbestyrelsen eller driftspersonalet.<\/p>\n<p>[\/et_pb_blurb][\/et_pb_column][\/et_pb_row][\/et_pb_section][et_pb_section fb_built=&#8221;1&#8243; fullwidth=&#8221;on&#8221; _builder_version=&#8221;4.16&#8243; background_image=&#8221;https:\/\/www.hollufhave.dk\/wp-content\/uploads\/2017\/10\/Omraadet.jpg&#8221; custom_padding=&#8221;0px|0px|424px|0px&#8221; global_colors_info=&#8221;{}&#8221;][\/et_pb_section][et_pb_section fb_built=&#8221;1&#8243; _builder_version=&#8221;4.16&#8243; custom_padding=&#8221;2px|0px|0px|0px&#8221; global_colors_info=&#8221;{}&#8221;][et_pb_row _builder_version=&#8221;4.16&#8243; global_colors_info=&#8221;{}&#8221;][et_pb_column type=&#8221;4_4&#8243; _builder_version=&#8221;4.16&#8243; custom_padding=&#8221;|||&#8221; global_colors_info=&#8221;{}&#8221; custom_padding__hover=&#8221;|||&#8221;][et_pb_blurb _builder_version=&#8221;4.27.4&#8243; hover_enabled=&#8221;0&#8243; global_colors_info=&#8221;{}&#8221; sticky_enabled=&#8221;0&#8243;]<\/p>\n<p style=\"text-align: justify;\">Lokalomr\u00e5det har mange muligheder at tilbyde. Der er skole, bibliotek, universitet, sv\u00f8mmehal, k\u00f8bmand, pizzeria, fris\u00f8r, Hollufg\u00e5rd og Odense Golfklub lige i n\u00e6rheden. Vi er nabo til Lindved \u00c5, skov og enge med mulighed for at se r\u00e5dyr, fasaner, \u00e6nder og svaner m.m.<\/p>\n<p style=\"text-align: justify;\">Sportslige aktiviteter s\u00e5 som gymnastik, fodbold, h\u00e5ndbold, tennis, badminton og rugby er kun 5 minutter herfra med base ved Holluf Pile skole. Det er Holluf Pile &#8211; Tornbjerg Idr\u00e6tsforening, der st\u00e5r for alle aktiviteterne. De kan kontaktes p\u00e5 www.hpti.dk for n\u00e6rmere informationer.<\/p>\n<p style=\"text-align: justify;\">En smule l\u00e6ngere v\u00e6k ligger de to store indk\u00f8bscentre, Bilka og Roseng\u00e5rdcentret.<\/p>\n<p style=\"text-align: justify;\">Et meget veludviklet stinet forbinder stort set hele omr\u00e5det, og hele vejen ind til centrum er der gode cykelstier. Bussen holder t\u00e6t p\u00e5, ved Hollufg\u00e5rdsvej (rundk\u00f8rslen) og endvidere er der Letbanen ved Universitet og det kommende nye sygehus, OUH.<\/p>\n<p>[\/et_pb_blurb][\/et_pb_column][\/et_pb_row][\/et_pb_section][et_pb_section fb_built=&#8221;1&#8243; fullwidth=&#8221;on&#8221; _builder_version=&#8221;4.16&#8243; background_image=&#8221;https:\/\/www.hollufhave.dk\/wp-content\/uploads\/2017\/10\/Holluf-Have-2012-017.jpg&#8221; custom_padding=&#8221;0px|0px|424px|0px&#8221; global_colors_info=&#8221;{}&#8221;][\/et_pb_section][et_pb_section fb_built=&#8221;1&#8243; _builder_version=&#8221;4.16&#8243; custom_padding=&#8221;0px|0px|54px|0px&#8221; global_colors_info=&#8221;{}&#8221;][et_pb_row column_structure=&#8221;1_2,1_2&#8243; _builder_version=&#8221;4.16&#8243; global_colors_info=&#8221;{}&#8221;][et_pb_column type=&#8221;1_2&#8243; _builder_version=&#8221;4.16&#8243; custom_padding=&#8221;|||&#8221; global_colors_info=&#8221;{}&#8221; custom_padding__hover=&#8221;|||&#8221;][et_pb_blurb title=&#8221;Gr\u00f8nne tiltag&#8221; _builder_version=&#8221;4.16&#8243; global_colors_info=&#8221;{}&#8221;]<\/p>\n<p style=\"text-align: justify;\">I 2012 investerede vi i solceller p\u00e5 taget af F\u00e6lleshuset. Solcelleanl\u00e6gget producerer 70% af den energi, der bruges til belysning af veje, stier, F\u00e6lleshus og vaskeri. I 2024 er koblet et batteri p\u00e5 anl\u00e6gget s\u00e5ledes at str\u00f8mmen kan gemmes til om natten. <\/p>\n<p>Beboerne kan oplade elbiler n\u00e6r F\u00e6llseshuset.\u00a0<\/p>\n<p style=\"text-align: justify;\">Der bruges svanem\u00e6rkede produkter i vaskeriet, og afdelingen har v\u00e6ret drevet giftfrit i over 35 \u00e5r. Om vinteren anvendes t\u00f8midler uden brug af salt.<\/p>\n<p style=\"text-align: justify;\">Vi er en gr\u00f8n afdeling med kildesortering af affald, og vi har egen genbrugsplads. Der er forskellige praktiske arbejdshold, som beboerne kan tilslutte sig, f.eks. genbrugsholdet, malerholdet og tagrenderenseholdet.<\/p>\n<p>[\/et_pb_blurb][\/et_pb_column][et_pb_column type=&#8221;1_2&#8243; _builder_version=&#8221;4.16&#8243; custom_padding=&#8221;|||&#8221; global_colors_info=&#8221;{}&#8221; custom_padding__hover=&#8221;|||&#8221;][et_pb_blurb title=&#8221;Ejendomsfunktion\u00e6rer&#8221; _builder_version=&#8221;4.16&#8243; global_colors_info=&#8221;{}&#8221;]<\/p>\n<p style=\"text-align: justify;\">Holluf Have indg\u00e5r i et driftssamarbejde med 12 andre afdelinger, hvor der er tilknyttet medarbejdere, der tager sig af alt vedr\u00f8rende vedligeholdelse, h\u00e5ndv\u00e6rkerreparationer, gr\u00f8nne omr\u00e5der, opsyn med hele bebyggelsen, og de er altid parate med gode r\u00e5d og hj\u00e6lp, n\u00e5r det br\u00e6nder p\u00e5.<\/p>\n<p style=\"text-align: justify;\">Ved f\u00e6lleshuset og p\u00e5 denne hjemmeside kan man finde oplysninger om tr\u00e6ffetider for ejendomsfunktion\u00e6rer, udlejning af f\u00e6lleshus, samt afdelingsbestyrelsen.<\/p>\n<p>[\/et_pb_blurb][\/et_pb_column][\/et_pb_row][\/et_pb_section]<\/p>\n","protected":false},"excerpt":{"rendered":"<p>Holluf Have best\u00e5r af 10 forskellige g\u00e5rde, som har forskellige st\u00f8rrelser p\u00e5 boligerne. Det kan variere mellem 2- til 5 rums r\u00e6kkehuse, nogle i 2-plan, og 11 ungdomsboliger. G\u00e5rdene giver et roligt milj\u00f8, som beboerne selv kan s\u00e6tte deres pr\u00e6g p\u00e5 alt efter interesse. Derudover har vi et f\u00e6lleshus med g\u00e6stebolig og vaskeri. F\u00e6lleshuset kan [&hellip;]<\/p>\n","protected":false},"author":1,"featured_media":0,"parent":0,"menu_order":0,"comment_status":"closed","ping_status":"closed","template":"","meta":{"_et_pb_use_builder":"on","_et_pb_old_content":"","_et_gb_content_width":"","footnotes":""},"class_list":["post-111","page","type-page","status-publish","hentry"],"_links":{"self":[{"href":"https:\/\/www.hollufhave.dk\/index.php?rest_route=\/wp\/v2\/pages\/111","targetHints":{"allow":["GET"]}}],"collection":[{"href":"https:\/\/www.hollufhave.dk\/index.php?rest_route=\/wp\/v2\/pages"}],"about":[{"href":"https:\/\/www.hollufhave.dk\/index.php?rest_route=\/wp\/v2\/types\/page"}],"author":[{"embeddable":true,"href":"https:\/\/www.hollufhave.dk\/index.php?rest_route=\/wp\/v2\/users\/1"}],"replies":[{"embeddable":true,"href":"https:\/\/www.hollufhave.dk\/index.php?rest_route=%2Fwp%2Fv2%2Fcomments&post=111"}],"version-history":[{"count":13,"href":"https:\/\/www.hollufhave.dk\/index.php?rest_route=\/wp\/v2\/pages\/111\/revisions"}],"predecessor-version":[{"id":962,"href":"https:\/\/www.hollufhave.dk\/index.php?rest_route=\/wp\/v2\/pages\/111\/revisions\/962"}],"wp:attachment":[{"href":"https:\/\/www.hollufhave.dk\/index.php?rest_route=%2Fwp%2Fv2%2Fmedia&parent=111"}],"curies":[{"name":"wp","href":"https:\/\/api.w.org\/{rel}","templated":true}]}}